{"id":708,"date":"2024-03-17T11:42:04","date_gmt":"2024-03-17T11:42:04","guid":{"rendered":"https:\/\/unmondeplusbeau.fr\/?page_id=708"},"modified":"2024-03-17T11:54:48","modified_gmt":"2024-03-17T11:54:48","slug":"les-proteges-passeports","status":"publish","type":"page","link":"https:\/\/unmondeplusbeau.fr\/?page_id=708","title":{"rendered":"Les prot\u00e8ges passeports"},"content":{"rendered":"<p>Choisissez un mod\u00e8le avec une association de tissu d\u00e9j\u00e0 \u00e9tablie ou composer la votre avec le prot\u00e8ge passeport personnalisable. Pour ajouter un texte personnalis\u00e9 \u00e0 votre produit : compl\u00e9tez votre commande avec l&rsquo;option personnalisation. <\/p><div class=\"wp-block-columns is-layout-flex wp-container-core-columns-is-layout-1 wp-block-columns-is-layout-flex\"><div class=\"wp-block-column is-layout-flow wp-block-column-is-layout-flow\"><div class=\"wp-block-cover has-custom-content-position is-position-bottom-left\"><span aria-hidden=\"true\" class=\"wp-block-cover__background has-background-dim\"><\/span><img loading=\"lazy\" decoding=\"async\" width=\"1024\" height=\"682\" class=\"wp-block-cover__image-background wp-image-705\" alt=\"\" src=\"https:\/\/unmondeplusbeau.fr\/wp-content\/uploads\/2024\/03\/DSC_0143-1024x682.jpg\" data-object-fit=\"cover\" srcset=\"https:\/\/unmondeplusbeau.fr\/wp-content\/uploads\/2024\/03\/DSC_0143-1024x682.jpg 1024w, https:\/\/unmondeplusbeau.fr\/wp-content\/uploads\/2024\/03\/DSC_0143-300x200.jpg 300w, https:\/\/unmondeplusbeau.fr\/wp-content\/uploads\/2024\/03\/DSC_0143-768x512.jpg 768w, https:\/\/unmondeplusbeau.fr\/wp-content\/uploads\/2024\/03\/DSC_0143-1536x1024.jpg 1536w, https:\/\/unmondeplusbeau.fr\/wp-content\/uploads\/2024\/03\/DSC_0143-600x400.jpg 600w, https:\/\/unmondeplusbeau.fr\/wp-content\/uploads\/2024\/03\/DSC_0143.jpg 2000w\" sizes=\"auto, (max-width: 1024px) 100vw, 1024px\" \/><div class=\"wp-block-cover__inner-container is-layout-flow wp-block-cover-is-layout-flow\"><p class=\"has-text-align-left has-large-font-size\">Le prot\u00e8ge passeport personnalisable<\/p>\n\n<div class=\"wp-block-buttons is-layout-flex wp-block-buttons-is-layout-flex\"><div class=\"wp-block-button\"><a class=\"wp-block-button__link wp-element-button\" href=\"https:\/\/unmondeplusbeau.fr\/?product=protege-passeport\">14 \u20ac<\/a><\/div><\/div><\/div><\/div><\/div>\n\n<div class=\"wp-block-column is-layout-flow wp-block-column-is-layout-flow\"><div class=\"wp-block-cover has-custom-content-position is-position-bottom-left\"><span aria-hidden=\"true\" class=\"wp-block-cover__background has-background-dim\"><\/span><img loading=\"lazy\" decoding=\"async\" width=\"1024\" height=\"682\" class=\"wp-block-cover__image-background wp-image-698\" alt=\"\" src=\"https:\/\/unmondeplusbeau.fr\/wp-content\/uploads\/2024\/03\/DSC_0128-1024x682.jpg\" data-object-fit=\"cover\" srcset=\"https:\/\/unmondeplusbeau.fr\/wp-content\/uploads\/2024\/03\/DSC_0128-1024x682.jpg 1024w, https:\/\/unmondeplusbeau.fr\/wp-content\/uploads\/2024\/03\/DSC_0128-300x200.jpg 300w, https:\/\/unmondeplusbeau.fr\/wp-content\/uploads\/2024\/03\/DSC_0128-768x512.jpg 768w, https:\/\/unmondeplusbeau.fr\/wp-content\/uploads\/2024\/03\/DSC_0128-1536x1024.jpg 1536w, https:\/\/unmondeplusbeau.fr\/wp-content\/uploads\/2024\/03\/DSC_0128-600x400.jpg 600w, https:\/\/unmondeplusbeau.fr\/wp-content\/uploads\/2024\/03\/DSC_0128.jpg 2000w\" sizes=\"auto, (max-width: 1024px) 100vw, 1024px\" \/><div class=\"wp-block-cover__inner-container is-layout-flow wp-block-cover-is-layout-flow\"><p class=\"has-text-align-left has-large-font-size\">Le prot\u00e8ge passeport Vacances<\/p>\n\n<div class=\"wp-block-buttons is-layout-flex wp-block-buttons-is-layout-flex\"><div class=\"wp-block-button\"><a class=\"wp-block-button__link wp-element-button\" href=\"https:\/\/unmondeplusbeau.fr\/?product=protege-passeport-voyage\">14 \u20ac<\/a><\/div><\/div><\/div><\/div><\/div><\/div><div class=\"wp-block-columns is-layout-flex wp-container-core-columns-is-layout-2 wp-block-columns-is-layout-flex\"><div class=\"wp-block-column is-layout-flow wp-block-column-is-layout-flow\"><div class=\"wp-block-cover has-custom-content-position is-position-bottom-left\"><span aria-hidden=\"true\" class=\"wp-block-cover__background has-background-dim\"><\/span><img loading=\"lazy\" decoding=\"async\" width=\"1024\" height=\"682\" class=\"wp-block-cover__image-background wp-image-701\" alt=\"\" src=\"https:\/\/unmondeplusbeau.fr\/wp-content\/uploads\/2024\/03\/DSC_0135-1024x682.jpg\" data-object-fit=\"cover\" srcset=\"https:\/\/unmondeplusbeau.fr\/wp-content\/uploads\/2024\/03\/DSC_0135-1024x682.jpg 1024w, https:\/\/unmondeplusbeau.fr\/wp-content\/uploads\/2024\/03\/DSC_0135-300x200.jpg 300w, https:\/\/unmondeplusbeau.fr\/wp-content\/uploads\/2024\/03\/DSC_0135-768x512.jpg 768w, https:\/\/unmondeplusbeau.fr\/wp-content\/uploads\/2024\/03\/DSC_0135-1536x1024.jpg 1536w, https:\/\/unmondeplusbeau.fr\/wp-content\/uploads\/2024\/03\/DSC_0135-600x400.jpg 600w, https:\/\/unmondeplusbeau.fr\/wp-content\/uploads\/2024\/03\/DSC_0135.jpg 2000w\" sizes=\"auto, (max-width: 1024px) 100vw, 1024px\" \/><div class=\"wp-block-cover__inner-container is-layout-flow wp-block-cover-is-layout-flow\"><p class=\"has-text-align-left has-large-font-size\">Le prot\u00e8ge passeport      Cuba<\/p>\n\n<div class=\"wp-block-buttons is-layout-flex wp-block-buttons-is-layout-flex\"><div class=\"wp-block-button\"><a class=\"wp-block-button__link wp-element-button\" href=\"https:\/\/unmondeplusbeau.fr\/?product=protege-passeport-cuba\">14 \u20ac<\/a><\/div><\/div><\/div><\/div><\/div>\n\n<div class=\"wp-block-column is-layout-flow wp-block-column-is-layout-flow\"><\/div><\/div>","protected":false},"excerpt":{"rendered":"<p>Choisissez un mod\u00e8le avec une association de tissu d\u00e9j\u00e0 \u00e9tablie ou composer la votre avec le prot\u00e8ge passeport personnalisable. Pour ajouter un texte personnalis\u00e9 \u00e0 votre produit : compl\u00e9tez votre commande avec l&rsquo;option personnalisation.<\/p>\n","protected":false},"author":2,"featured_media":0,"parent":0,"menu_order":0,"comment_status":"closed","ping_status":"closed","template":"","meta":{"footnotes":""},"class_list":["post-708","page","type-page","status-publish","hentry"],"jetpack_sharing_enabled":true,"_links":{"self":[{"href":"https:\/\/unmondeplusbeau.fr\/index.php?rest_route=\/wp\/v2\/pages\/708","targetHints":{"allow":["GET"]}}],"collection":[{"href":"https:\/\/unmondeplusbeau.fr\/index.php?rest_route=\/wp\/v2\/pages"}],"about":[{"href":"https:\/\/unmondeplusbeau.fr\/index.php?rest_route=\/wp\/v2\/types\/page"}],"author":[{"embeddable":true,"href":"https:\/\/unmondeplusbeau.fr\/index.php?rest_route=\/wp\/v2\/users\/2"}],"replies":[{"embeddable":true,"href":"https:\/\/unmondeplusbeau.fr\/index.php?rest_route=%2Fwp%2Fv2%2Fcomments&post=708"}],"version-history":[{"count":3,"href":"https:\/\/unmondeplusbeau.fr\/index.php?rest_route=\/wp\/v2\/pages\/708\/revisions"}],"predecessor-version":[{"id":715,"href":"https:\/\/unmondeplusbeau.fr\/index.php?rest_route=\/wp\/v2\/pages\/708\/revisions\/715"}],"wp:attachment":[{"href":"https:\/\/unmondeplusbeau.fr\/index.php?rest_route=%2Fwp%2Fv2%2Fmedia&parent=708"}],"curies":[{"name":"wp","href":"https:\/\/api.w.org\/{rel}","templated":true}]}}

Les protèges passeports

<p>Choisissez un modèle avec une association de tissu déjà établie ou composer la votre avec le protège passeport personnalisable. Pour ajouter un texte personnalisé à votre produit : complétez votre commande avec l&rsquo;option personnalisation. </p><div class="wp-block-columns is-layout-flex wp-container-core-columns-is-layout-1 wp-block-columns-is-layout-flex"><div class="wp-block-column is-layout-flow wp-block-column-is-layout-flow"><div class="wp-block-cover has-custom-content-position is-position-bottom-left"><span aria-hidden="true" class="wp-block-cover__background has-background-dim"></span><img loading="lazy" decoding="async" width="1024" height="682" class="wp-block-cover__image-background wp-image-705" alt="" src="https://unmondeplusbeau.fr/wp-content/uploads/2024/03/DSC_0143-1024x682.jpg" data-object-fit="cover" srcset="https://unmondeplusbeau.fr/wp-content/uploads/2024/03/DSC_0143-1024x682.jpg 1024w, https://unmondeplusbeau.fr/wp-content/uploads/2024/03/DSC_0143-300x200.jpg 300w, https://unmondeplusbeau.fr/wp-content/uploads/2024/03/DSC_0143-768x512.jpg 768w, https://unmondeplusbeau.fr/wp-content/uploads/2024/03/DSC_0143-1536x1024.jpg 1536w, https://unmondeplusbeau.fr/wp-content/uploads/2024/03/DSC_0143-600x400.jpg 600w, https://unmondeplusbeau.fr/wp-content/uploads/2024/03/DSC_0143.jpg 2000w" sizes="auto, (max-width: 1024px) 100vw, 1024px" /><div class="wp-block-cover__inner-container is-layout-flow wp-block-cover-is-layout-flow"><p class="has-text-align-left has-large-font-size">Le protège passeport personnalisable</p>

<div class="wp-block-buttons is-layout-flex wp-block-buttons-is-layout-flex"><div class="wp-block-button"><a class="wp-block-button__link wp-element-button" href="https://unmondeplusbeau.fr/?product=protege-passeport">14 €</a></div></div></div></div></div>

<div class="wp-block-column is-layout-flow wp-block-column-is-layout-flow"><div class="wp-block-cover has-custom-content-position is-position-bottom-left"><span aria-hidden="true" class="wp-block-cover__background has-background-dim"></span><img loading="lazy" decoding="async" width="1024" height="682" class="wp-block-cover__image-background wp-image-698" alt="" src="https://unmondeplusbeau.fr/wp-content/uploads/2024/03/DSC_0128-1024x682.jpg" data-object-fit="cover" srcset="https://unmondeplusbeau.fr/wp-content/uploads/2024/03/DSC_0128-1024x682.jpg 1024w, https://unmondeplusbeau.fr/wp-content/uploads/2024/03/DSC_0128-300x200.jpg 300w, https://unmondeplusbeau.fr/wp-content/uploads/2024/03/DSC_0128-768x512.jpg 768w, https://unmondeplusbeau.fr/wp-content/uploads/2024/03/DSC_0128-1536x1024.jpg 1536w, https://unmondeplusbeau.fr/wp-content/uploads/2024/03/DSC_0128-600x400.jpg 600w, https://unmondeplusbeau.fr/wp-content/uploads/2024/03/DSC_0128.jpg 2000w" sizes="auto, (max-width: 1024px) 100vw, 1024px" /><div class="wp-block-cover__inner-container is-layout-flow wp-block-cover-is-layout-flow"><p class="has-text-align-left has-large-font-size">Le protège passeport Vacances</p>

<div class="wp-block-buttons is-layout-flex wp-block-buttons-is-layout-flex"><div class="wp-block-button"><a class="wp-block-button__link wp-element-button" href="https://unmondeplusbeau.fr/?product=protege-passeport-voyage">14 €</a></div></div></div></div></div></div><div class="wp-block-columns is-layout-flex wp-container-core-columns-is-layout-2 wp-block-columns-is-layout-flex"><div class="wp-block-column is-layout-flow wp-block-column-is-layout-flow"><div class="wp-block-cover has-custom-content-position is-position-bottom-left"><span aria-hidden="true" class="wp-block-cover__background has-background-dim"></span><img loading="lazy" decoding="async" width="1024" height="682" class="wp-block-cover__image-background wp-image-701" alt="" src="https://unmondeplusbeau.fr/wp-content/uploads/2024/03/DSC_0135-1024x682.jpg" data-object-fit="cover" srcset="https://unmondeplusbeau.fr/wp-content/uploads/2024/03/DSC_0135-1024x682.jpg 1024w, https://unmondeplusbeau.fr/wp-content/uploads/2024/03/DSC_0135-300x200.jpg 300w, https://unmondeplusbeau.fr/wp-content/uploads/2024/03/DSC_0135-768x512.jpg 768w, https://unmondeplusbeau.fr/wp-content/uploads/2024/03/DSC_0135-1536x1024.jpg 1536w, https://unmondeplusbeau.fr/wp-content/uploads/2024/03/DSC_0135-600x400.jpg 600w, https://unmondeplusbeau.fr/wp-content/uploads/2024/03/DSC_0135.jpg 2000w" sizes="auto, (max-width: 1024px) 100vw, 1024px" /><div class="wp-block-cover__inner-container is-layout-flow wp-block-cover-is-layout-flow"><p class="has-text-align-left has-large-font-size">Le protège passeport      Cuba</p>

<div class="wp-block-buttons is-layout-flex wp-block-buttons-is-layout-flex"><div class="wp-block-button"><a class="wp-block-button__link wp-element-button" href="https://unmondeplusbeau.fr/?product=protege-passeport-cuba">14 €</a></div></div></div></div></div>

<div class="wp-block-column is-layout-flow wp-block-column-is-layout-flow"></div></div>

<p>Choisissez un modèle avec une association de tissu déjà établie ou composer la votre avec le protège passeport personnalisable. Pour ajouter un texte personnalisé à votre produit : complétez votre commande avec l&rsquo;option personnalisation.</p>
