{"id":248,"date":"2024-02-29T10:20:48","date_gmt":"2024-02-29T10:20:48","guid":{"rendered":"https:\/\/unmondeplusbeau.fr\/?post_type=product&#038;p=248"},"modified":"2024-03-10T20:43:52","modified_gmt":"2024-03-10T20:43:52","slug":"pochette-soignant-xl-personnalisable","status":"publish","type":"product","link":"https:\/\/unmondeplusbeau.fr\/?product=pochette-soignant-xl-personnalisable","title":{"rendered":"Pochette soignant XL personnalisable"},"content":{"rendered":"<p>Une pochette encore plus grande dans laquelle vous pourrez facilement ranger \u00e0 l&rsquo;int\u00e9rieur : stylos, crayons, ciseaux &#8230; Finis les stylos qui tombent de vos poches d\u00e8s que vous vous penchez gr\u00e2ce \u00e0 son rabat aimant\u00e9. Elle est enti\u00e8rement lavable, et comporte plusieurs emplacements pour vous faciliter la vie. Personnalisez le rabat avec l&rsquo;inscription de votre choix en suppl\u00e9ment pour apporter un peu de pep&rsquo;s \u00e0 vos tenues professionnelles.<\/p>\n<div id=\"mciapp-exclusion-container\"><\/div>\n<p>&nbsp;<\/p>\n<div id=\"mciapp-exclusion-container\"><\/div>\n<p>&nbsp;<\/p>\n","protected":false},"excerpt":{"rendered":"<p>Cr\u00e9ez une pochette adapt\u00e9e \u00e0 votre activit\u00e9 professionnelle. Pour cela, visitez la<a href=\"https:\/\/unmondeplusbeau.fr\/?page_id=20\"> tissuth\u00e8que<\/a> et choisissez <strong>un tissu \u00e0 motif<\/strong> et <strong>un tissu en simili cuir<\/strong>. Indiquez moi ensuite les dans les champs ci dessous.<\/p>\n<p>La personnalisation est possible en ajoutant en suppl\u00e9ment l&rsquo;article option personnalisation. Vous pourrez alors indiquer le texte sur le rabat.<\/p>\n<div id=\"mciapp-exclusion-container\"><\/div>\n<p>&nbsp;<\/p>\n<div id=\"mciapp-exclusion-container\"><\/div>\n<p>&nbsp;<\/p>\n","protected":false},"featured_media":492,"template":"","meta":[],"product_brand":[],"product_cat":[19],"product_tag":[22,21,20],"class_list":{"0":"post-248","1":"product","2":"type-product","3":"status-publish","4":"has-post-thumbnail","6":"product_cat-pochette-soignant","7":"product_tag-personnalisable","8":"product_tag-pochette","9":"product_tag-soignant","11":"first","12":"instock","13":"taxable","14":"shipping-taxable","15":"purchasable","16":"product-type-simple"},"jetpack_sharing_enabled":true,"_links":{"self":[{"href":"https:\/\/unmondeplusbeau.fr\/index.php?rest_route=\/wp\/v2\/product\/248","targetHints":{"allow":["GET"]}}],"collection":[{"href":"https:\/\/unmondeplusbeau.fr\/index.php?rest_route=\/wp\/v2\/product"}],"about":[{"href":"https:\/\/unmondeplusbeau.fr\/index.php?rest_route=\/wp\/v2\/types\/product"}],"wp:featuredmedia":[{"embeddable":true,"href":"https:\/\/unmondeplusbeau.fr\/index.php?rest_route=\/wp\/v2\/media\/492"}],"wp:attachment":[{"href":"https:\/\/unmondeplusbeau.fr\/index.php?rest_route=%2Fwp%2Fv2%2Fmedia&parent=248"}],"wp:term":[{"taxonomy":"product_brand","embeddable":true,"href":"https:\/\/unmondeplusbeau.fr\/index.php?rest_route=%2Fwp%2Fv2%2Fproduct_brand&post=248"},{"taxonomy":"product_cat","embeddable":true,"href":"https:\/\/unmondeplusbeau.fr\/index.php?rest_route=%2Fwp%2Fv2%2Fproduct_cat&post=248"},{"taxonomy":"product_tag","embeddable":true,"href":"https:\/\/unmondeplusbeau.fr\/index.php?rest_route=%2Fwp%2Fv2%2Fproduct_tag&post=248"}],"curies":[{"name":"wp","href":"https:\/\/api.w.org\/{rel}","templated":true}]}}

<p>Une pochette encore plus grande dans laquelle vous pourrez facilement ranger à l&rsquo;intérieur : stylos, crayons, ciseaux &#8230; Finis les stylos qui tombent de vos poches dès que vous vous penchez grâce à son rabat aimanté. Elle est entièrement lavable, et comporte plusieurs emplacements pour vous faciliter la vie. Personnalisez le rabat avec l&rsquo;inscription de votre choix en supplément pour apporter un peu de pep&rsquo;s à vos tenues professionnelles.</p>
<div id="mciapp-exclusion-container"></div>
<p>&nbsp;</p>
<div id="mciapp-exclusion-container"></div>
<p>&nbsp;</p>

<p>Créez une pochette adaptée à votre activité professionnelle. Pour cela, visitez la<a href="https://unmondeplusbeau.fr/?page_id=20"> tissuthèque</a> et choisissez <strong>un tissu à motif</strong> et <strong>un tissu en simili cuir</strong>. Indiquez moi ensuite les dans les champs ci dessous.</p>
<p>La personnalisation est possible en ajoutant en supplément l&rsquo;article option personnalisation. Vous pourrez alors indiquer le texte sur le rabat.</p>
<div id="mciapp-exclusion-container"></div>
<p>&nbsp;</p>
<div id="mciapp-exclusion-container"></div>
<p>&nbsp;</p>
