{"id":324,"date":"2024-02-24T18:10:33","date_gmt":"2024-02-24T18:10:33","guid":{"rendered":"https:\/\/unmondeplusbeau.fr\/?post_type=product&#038;p=324"},"modified":"2024-02-29T10:43:58","modified_gmt":"2024-02-29T10:43:58","slug":"protege-slip-lavable-taille-s","status":"publish","type":"product","link":"https:\/\/unmondeplusbeau.fr\/?product=protege-slip-lavable-taille-s","title":{"rendered":"Prot\u00e8ge slip lavable taille  S"},"content":{"rendered":"<p>Vous en avez marre d\u2019acheter sans cesse des serviettes p\u00e9riodiques jetables dont on ignore tout de leur composition ? Alors vous \u00eates au bon endroit. Je vous propose une solution saine, plus \u00e9conomique et \u00e9cologique : la serviette lavable.<\/p>\n<p>Pratique, elle existe en 3 types de taille : prot\u00e8ge-slip, taille M (flux normal) et taille L (gros flux). Confortable, elle s\u2019ajuste parfaitement \u00e0 votre sous-v\u00eatement. Discr\u00e8te, vous ne la remarquerez m\u00eame pas. Douce, elle est compos\u00e9e de tissu \u00e9cologique (partie en contact avec les muqueuses) ou Oeko Tex. \u00c9cologique, on arr\u00eate le jetable, on lave et on r\u00e9utilise en toute s\u00e9curit\u00e9.<\/p>\n<p>Chaque serviette lavable est compos\u00e9e de plusieurs couches pour faire la guerre aux fuites :<br \/>\n&#8211; Une couche de popeline bio (sans substance chimique) au motif color\u00e9 pour rajouter du fun<br \/>\n&#8211; 1 couche d\u2019\u00e9ponge bambou pour tout absorber<br \/>\n&#8211; Une couche de tissu imperm\u00e9able pour stopper les d\u00e9bordements<br \/>\n&#8211; Une couche de jersey de coton noir pour s\u00e9curiser le tout \u00e0 avoir une finition au top<br \/>\n&#8211; Un bouton-pression sert \u00e0 fermer la serviette.<\/p>\n","protected":false},"excerpt":{"rendered":"<p>Enfin des prot\u00e8ges slip plus sains et lavables. Ce mod\u00e8le de taille S, correspond \u00e0 un flux l\u00e9ger. Le choix des tissus qui le compose en font un produit respectueux pour votre peau, qui vous assure aucunes d\u00e9mangeaisons, ni irritations.<\/p>\n<p>La personnalisation n&rsquo;est pas possible pour ce produit.<\/p>\n","protected":false},"featured_media":325,"template":"","meta":[],"product_brand":[],"product_cat":[40],"product_tag":[44,45,42,41],"class_list":{"0":"post-324","1":"product","2":"type-product","3":"status-publish","4":"has-post-thumbnail","6":"product_cat-serviettes-perdiodiques","7":"product_tag-lavable","8":"product_tag-protege-slip","9":"product_tag-regle","10":"product_tag-serviette-periodique","12":"first","13":"instock","14":"taxable","15":"shipping-taxable","16":"purchasable","17":"product-type-simple"},"jetpack_sharing_enabled":true,"_links":{"self":[{"href":"https:\/\/unmondeplusbeau.fr\/index.php?rest_route=\/wp\/v2\/product\/324","targetHints":{"allow":["GET"]}}],"collection":[{"href":"https:\/\/unmondeplusbeau.fr\/index.php?rest_route=\/wp\/v2\/product"}],"about":[{"href":"https:\/\/unmondeplusbeau.fr\/index.php?rest_route=\/wp\/v2\/types\/product"}],"wp:featuredmedia":[{"embeddable":true,"href":"https:\/\/unmondeplusbeau.fr\/index.php?rest_route=\/wp\/v2\/media\/325"}],"wp:attachment":[{"href":"https:\/\/unmondeplusbeau.fr\/index.php?rest_route=%2Fwp%2Fv2%2Fmedia&parent=324"}],"wp:term":[{"taxonomy":"product_brand","embeddable":true,"href":"https:\/\/unmondeplusbeau.fr\/index.php?rest_route=%2Fwp%2Fv2%2Fproduct_brand&post=324"},{"taxonomy":"product_cat","embeddable":true,"href":"https:\/\/unmondeplusbeau.fr\/index.php?rest_route=%2Fwp%2Fv2%2Fproduct_cat&post=324"},{"taxonomy":"product_tag","embeddable":true,"href":"https:\/\/unmondeplusbeau.fr\/index.php?rest_route=%2Fwp%2Fv2%2Fproduct_tag&post=324"}],"curies":[{"name":"wp","href":"https:\/\/api.w.org\/{rel}","templated":true}]}}