{"id":562,"date":"2024-03-10T22:07:49","date_gmt":"2024-03-10T22:07:49","guid":{"rendered":"https:\/\/unmondeplusbeau.fr\/?post_type=product&#038;p=562"},"modified":"2024-03-10T22:13:38","modified_gmt":"2024-03-10T22:13:38","slug":"protege-livret-de-famille-cotta","status":"publish","type":"product","link":"https:\/\/unmondeplusbeau.fr\/?product=protege-livret-de-famille-cotta","title":{"rendered":"Prot\u00e8ge livret de famille Cotta"},"content":{"rendered":"<p>Je vous propose une alternative \u00e0 la page de garde d\u00e9mod\u00e9e du livret de famille. Il est vrai que, la page de garde, soyons honn\u00eate, n&rsquo;est pas tr\u00e8s glamour. Pour y rem\u00e9dier, je vous propose un prot\u00e8ge livret de famille \u00e0 votre image. Il est r\u00e9alis\u00e9, par mes soins, dans des tissus enti\u00e8rement lavables.\u00a0L&rsquo;ajout de l&rsquo;option personnalisation (article suppl\u00e9mentaire) permet de donner un vrai plus \u00e0 l&rsquo;article en ajoutant une mention Notre famille ou bien Famille (votre nom de famille). Choisissez un coloris de personnalisation contrastant pour mettre en valeur votre article.<\/p>\n<p>&nbsp;<\/p>\n","protected":false},"excerpt":{"rendered":"<p>Prot\u00e8ge livret de famille r\u00e9alis\u00e9 avec des tissus \u00e0 choisir dans la tissuth\u00e8que : un tissu uni et un tissu \u00e0 motif. Indiquez les references pour la cr\u00e9ation de votre article.<\/p>\n<p>La personnalisation du produit est possible. Il s&rsquo;agit d&rsquo;un produit suppl\u00e9mentaire : l&rsquo;option personnalisation. Ajoutez-la \u00e0 votre panier et ajoutez votre texte ainsi que la couleur de l&rsquo;\u00e9criture.<\/p>\n","protected":false},"featured_media":563,"template":"","meta":[],"product_brand":[],"product_cat":[59],"product_tag":[71,70,72,73,48],"class_list":{"0":"post-562","1":"product","2":"type-product","3":"status-publish","4":"has-post-thumbnail","6":"product_cat-protege-livret-de-famille","7":"product_tag-famille","8":"product_tag-livret","9":"product_tag-livret-de-famille","10":"product_tag-plf","11":"product_tag-protege","13":"first","14":"instock","15":"taxable","16":"shipping-taxable","17":"purchasable","18":"product-type-simple"},"jetpack_sharing_enabled":true,"_links":{"self":[{"href":"https:\/\/unmondeplusbeau.fr\/index.php?rest_route=\/wp\/v2\/product\/562","targetHints":{"allow":["GET"]}}],"collection":[{"href":"https:\/\/unmondeplusbeau.fr\/index.php?rest_route=\/wp\/v2\/product"}],"about":[{"href":"https:\/\/unmondeplusbeau.fr\/index.php?rest_route=\/wp\/v2\/types\/product"}],"wp:featuredmedia":[{"embeddable":true,"href":"https:\/\/unmondeplusbeau.fr\/index.php?rest_route=\/wp\/v2\/media\/563"}],"wp:attachment":[{"href":"https:\/\/unmondeplusbeau.fr\/index.php?rest_route=%2Fwp%2Fv2%2Fmedia&parent=562"}],"wp:term":[{"taxonomy":"product_brand","embeddable":true,"href":"https:\/\/unmondeplusbeau.fr\/index.php?rest_route=%2Fwp%2Fv2%2Fproduct_brand&post=562"},{"taxonomy":"product_cat","embeddable":true,"href":"https:\/\/unmondeplusbeau.fr\/index.php?rest_route=%2Fwp%2Fv2%2Fproduct_cat&post=562"},{"taxonomy":"product_tag","embeddable":true,"href":"https:\/\/unmondeplusbeau.fr\/index.php?rest_route=%2Fwp%2Fv2%2Fproduct_tag&post=562"}],"curies":[{"name":"wp","href":"https:\/\/api.w.org\/{rel}","templated":true}]}}

Protège livret de famille Cotta

<p>Je vous propose une alternative à la page de garde démodée du livret de famille. Il est vrai que, la page de garde, soyons honnête, n&rsquo;est pas très glamour. Pour y remédier, je vous propose un protège livret de famille à votre image. Il est réalisé, par mes soins, dans des tissus entièrement lavables. L&rsquo;ajout de l&rsquo;option personnalisation (article supplémentaire) permet de donner un vrai plus à l&rsquo;article en ajoutant une mention Notre famille ou bien Famille (votre nom de famille). Choisissez un coloris de personnalisation contrastant pour mettre en valeur votre article.</p>
<p>&nbsp;</p>

<p>Protège livret de famille réalisé avec des tissus à choisir dans la tissuthèque : un tissu uni et un tissu à motif. Indiquez les references pour la création de votre article.</p>
<p>La personnalisation du produit est possible. Il s&rsquo;agit d&rsquo;un produit supplémentaire : l&rsquo;option personnalisation. Ajoutez-la à votre panier et ajoutez votre texte ainsi que la couleur de l&rsquo;écriture.</p>
