{"id":667,"date":"2024-03-13T22:02:57","date_gmt":"2024-03-13T22:02:57","guid":{"rendered":"https:\/\/unmondeplusbeau.fr\/?post_type=product&#038;p=667"},"modified":"2024-03-13T22:08:25","modified_gmt":"2024-03-13T22:08:25","slug":"pochette-dame-de-coeur","status":"publish","type":"product","link":"https:\/\/unmondeplusbeau.fr\/?product=pochette-dame-de-coeur","title":{"rendered":"Pochette Dame de c\u0153ur"},"content":{"rendered":"<p>Cette petite pochette vous servira \u00e0 garder sous la main vos tr\u00e9sors : maquillage, monnaie, papiers, jouets\u2026 De petite taille elle se glisse n&rsquo;importe o\u00f9.<\/p>\n<p>Le tissu \u00e0 motif est matelass\u00e9 pour assurer une meilleur tenue au produit, et lui donne un petit air original. L&rsquo;int\u00e9rieur est doubl\u00e9 avec un tissu uni. Cette pochette se referme gr\u00e2ce \u00e0 une fermeture \u00e9clair.<\/p>\n","protected":false},"excerpt":{"rendered":"<p>On a toutes besoin d&rsquo;une petite pochette pour ranger nos tr\u00e9sors.<\/p>\n<p>Celle-ci a c\u00f4t\u00e9 tr\u00e8s girly avec son imprim\u00e9 \u00e0 c\u0153urs.<\/p>\n<p>Pour un peu plus d&rsquo;originalit\u00e9, compl\u00e9tez votre commande avec l&rsquo;option personnalisation : vous pourrez ajouter le texte de votre choix.<\/p>\n","protected":false},"featured_media":660,"template":"","meta":[],"product_brand":[],"product_cat":[74],"product_tag":[75,21,76,26,77],"class_list":{"0":"post-667","1":"product","2":"type-product","3":"status-publish","4":"has-post-thumbnail","6":"product_cat-pochette","7":"product_tag-maquillage","8":"product_tag-pochette","9":"product_tag-rangement","10":"product_tag-trousse","11":"product_tag-valise","13":"first","14":"instock","15":"taxable","16":"shipping-taxable","17":"purchasable","18":"product-type-simple"},"jetpack_sharing_enabled":true,"_links":{"self":[{"href":"https:\/\/unmondeplusbeau.fr\/index.php?rest_route=\/wp\/v2\/product\/667","targetHints":{"allow":["GET"]}}],"collection":[{"href":"https:\/\/unmondeplusbeau.fr\/index.php?rest_route=\/wp\/v2\/product"}],"about":[{"href":"https:\/\/unmondeplusbeau.fr\/index.php?rest_route=\/wp\/v2\/types\/product"}],"wp:featuredmedia":[{"embeddable":true,"href":"https:\/\/unmondeplusbeau.fr\/index.php?rest_route=\/wp\/v2\/media\/660"}],"wp:attachment":[{"href":"https:\/\/unmondeplusbeau.fr\/index.php?rest_route=%2Fwp%2Fv2%2Fmedia&parent=667"}],"wp:term":[{"taxonomy":"product_brand","embeddable":true,"href":"https:\/\/unmondeplusbeau.fr\/index.php?rest_route=%2Fwp%2Fv2%2Fproduct_brand&post=667"},{"taxonomy":"product_cat","embeddable":true,"href":"https:\/\/unmondeplusbeau.fr\/index.php?rest_route=%2Fwp%2Fv2%2Fproduct_cat&post=667"},{"taxonomy":"product_tag","embeddable":true,"href":"https:\/\/unmondeplusbeau.fr\/index.php?rest_route=%2Fwp%2Fv2%2Fproduct_tag&post=667"}],"curies":[{"name":"wp","href":"https:\/\/api.w.org\/{rel}","templated":true}]}}